- 0)*64. Give x(c).
-15
Let h be 9 - 11 - 38/(-1). Let t = h + -33. Let d(n) = 4 - 6*n + n**2 - 6 + 6. Calculate d(t).
-5
Let w = -30 - -39. Let v(q) = w - q**2 + 9*q - 15*q - 19. Determine v(-7).
-17
Let t(w) be the third derivative of -w**6/120 - w**5/15 + w**4/6 + w**3/6 - 11*w**2. Let d be (-3 - -1)*(-1 - 0). Let s = -7 + d. Calculate t(s).
6
Let y(g) be the third derivative of g**5/60 - g**4/12 + g**3/2 - 653*g**2. Let d(b) = -b**3 - b**2 + 3. Let l be d(0). What is y(l)?
6
Let q(v) be the first derivative of v**4/4 - 17*v + 127. What is q(0)?
-17
Let f(b) = -4*b**2 - 4 + 3*b - 3*b - 1 + 5*b. Let p be f(1). Let h(j) = 5*j + 6. Give h(p).
-14
Let f(p) be the first derivative of -p**4/4 - 8*p**3/3 - p**2/2 - 6*p + 700. Suppose -2*o = -0*o - 4. Suppose o*v + 32 = -2*v. Give f(v).
2
Suppose -5*j = -w + 25 - 46, 8 = 3*j + 4*w. Let m(o) = -2*o**3 + 8*o**2 - 5. Let q(s) = -s**3 + 4*s**2 - 2. Let p(a) = 2*m(a) - 5*q(a). What is p(j)?
0
Suppose 3*a + 2*a + 55 = 0. Suppose -7*r - 40 = -2*r - l, 2*l + 19 = -r. Let m = a - r. Let y(q) = -q**2 - 4*q + 1. Determine y(m).
5
Let q(y) = -y**2 + y - 2. Let l(s) = 4*s**2 - s + 7. Let h(j) = -l(j) - 3*q(j). What is h(-3)?
-4
Let v(n) = 27 + 31 - 10 - 18*n + 3*n**2 - 2*n**2. What is v(15)?
3
Suppose 21*c = 20*c - 2. Let w(t) = t**2 + 8*t - 5. Let m(i) = -5*i**2 - 32*i + 20. Let j(g) = c*m(g) - 9*w(g). Calculate j(6).
-7
Let c(x) = x**2 - 7*x - 7. Let g(b) = -2*b + 5. Let i be g(-4). Suppose 5*q - i - 27 = 0. What is c(q)?
1
Let a(o) = -o**3 + 9*o**2 + 5*o + 46. Let d be a(10). Let w(q) = q**2 + 6*q + 6. Determine w(d).
-2
Let o be ((-6)/9)/((-1)/18). Let x be ((-4)/(-6))/(o/54). Let l(c) = -2*c + 3. Calculate l(x).
-3
Let l(y) = y**2 + 6*y + 6. Let q(x) be the third derivative of x**5/60 + 5*x**4/24 - 7*x**3/6 + 35*x**2. Let u be q(0). What is l(u)?
13
Suppose -3 = -2*p + y + 12, p = 2*y + 15. Let f(j) = -4*j + 6. Give f(p).
-14
Suppose -6*t + 14 + 4 = 0. Let u(n) be the third derivative of -5*n**2 + 0 - 1/24*n**4 + 1/3*n**3 + 0*n + 1/60*n**5. Determine u(t).
8
Suppose 2*x - 3*s = 3*x - 4, 4*x - 2 = 2*s. Let u(n) = -2*n**2. Calculate u(x).
-2
Let z(b) be the first derivative of 5*b**2/2 - 4*b + 1. Let v(i) = -i**2 - 14*i + 75. Let h = 123 + -141. Let x be v(h). Calculate z(x).
11
Suppose -127*j + 133*j = 30. Let b(w) be the second derivative of -1/6*w**3 - 1/2*w**2 + j*w - 1/12*w**4 + 0. What is b(-2)?
-3
Let i(t) = -t**3 + 6*t**2 - 2*t - 3. Let p be (5 - 9)*3/(-2). What is i(p)?
-15
Let y(l) = l**3 - 5*l**2 + 2*l - 3. Let t = 17 - -8. Suppose t = 7*p - 6*p. Let o = 30 - p. What is y(o)?
7
Let z = -25 - -24. Let b be (z - 2)/(15/20). Let h(v) = -v**3 - 3*v**2 + 4*v + 1. Determine h(b).
1
Let z(g) be the third derivative of -g**4/24 + 5*g**3/6 - 28*g**2. What is z(6)?
-1
Let d(c) = -4*c - 1. Let o(q) = -q**2 - q. Let v(m) = d(m) - o(m). Determine v(0).
-1
Let q(y) be the third derivative of y**4/6 - y**3/6 + y**2 + 47*y. Suppose 0 = b - 0*b - 3. What is q(b)?
11
Let i(b) = 2*b**2 - 25*b - 55. Let u be i(-2). Let y(m) be the second derivative of 0 + 6*m**2 + 0*m**u + 2*m - 1/12*m**4. What is y(0)?
12
Let n(s) = -s**2 + 3*s + 15. Let g be n(6). Let w(k) = -5*k - 7. Calculate w(g).
8
Suppose -3*u - 3*n = -18, 0 = u + 8*n - 4*n - 21. Let i(p) = -10*p**3 + p**2 - 2*p. Calculate i(u).
-11
Let k(l) = -l**3 + 6*l**2 + 6*l + 3. Let n = -1 - -8. Let u be k(n). Let y(v) = 0 + 3*v + v + v**2 - 6*v + 2 + 5*v. Determine y(u).
6
Let o = -495 - -495. Let c(n) = 3*n - 10. What is c(o)?
-10
Let c(b) be the second derivative of -b**4/6 - 7*b**3/6 + 2*b**2 + 2*b + 4. Calculate c(-6).
-26
Let x(p) = p**3 - p**2 - 15. Suppose 3*w + 4*u - 20 = 0, 2*w + 4 = u - 1. Calculate x(w).
-15
Let x(z) = -z**2 + 0*z - 5*z**3 + 1 + 37*z**3 + z + 9*z**3. Give x(-1).
-42
Let j(w) = 2*w. Let q(a) be the second derivative of 5*a**3/6 + 27*a**2/2 + 12*a. Let d be q(-5). Calculate j(d).
4
Let a be -7*1 - (35 - 38). Let o(h) be the first derivative of -3/2*h**2 - 1/3*h**3 + 1 + 5*h. What is o(a)?
1
Let b(w) = -9*w**2 + 8*w - 4*w**2 + 2*w**2 + 10*w**2 + 7. Calculate b(8).
7
Let p(f) = -4*f**3 + f + 1. Suppose -19*h - 21 = -22*h. Let m(c) = c + 2. Let g be m(5). Suppose h = -2*t - 4*l - g, -2*t + 7 = -3*l. Calculate p(t).
4
Let r(a) = -4*a + 2. Suppose -5*m - 55 - 40 = 0. Suppose 3*o + 52 = -v, o + o + v + 35 = 0. Let l = m - o. Give r(l).
10
Let u be (9/12)/(-3)*-4. Let x(y) = -2*y**3 + 8*y + 5. Let z(h) = 3*h**3 - 9*h - 6. Let v(o) = -7*x(o) - 6*z(o). Give v(u).
-5
Let t(g) = -g - 1. Suppose 5*o + 10 = -j - 0*o, 2*j + 4*o = -2. Suppose -y - j = -6. Determine t(y).
-2
Let z(o) = -o + 2*o**2 + 1 - 11 + 10. What is z(2)?
6
Let n(p) be the third derivative of -p**8/20160 + p**7/5040 + p**6/180 + p**5/30 - 11*p**2. Let z(t) be the third derivative of n(t). Determine z(0).
4
Let j(l) = -l - 15. Let f(v) = 4*v + 50. Let a be f(-15). What is j(a)?
-5
Suppose -v + 0*v + 2 = 0. Suppose 2*r - 1 = h - 2*h, 3*h + 15 = 0. Let j(a) = 1 + 0*a - a**2 + 3*a**2 - 2*a - r*a**2. Determine j(v).
-7
Suppose 0 = z - 4*r + r + 20, -45 = z + 2*r. Let f = z - -32. Let d(p) = p - 3. Give d(f).
-6
Let l = 12 + -8. Suppose r + l*r - 40 = 0. Let p = -6 + r. Let o(w) = 2*w + 2. Give o(p).
6
Let u(l) be the first derivative of l**6/360 - l**5/12 + l**4/24 + 17*l**3/3 - 12. Let r(p) be the third derivative of u(p). Give r(10).
1
Let z(i) = 22*i - 2*i**2 - 3*i + 1 - 6*i - 6. Give z(9).
-50
Let m(v) = v**3 + 3*v**2 + 5. Let i = 56 - 49. Let b(q) = -4*q**3 - 8*q**2 - q - 14. Let u(a) = i*m(a) + 2*b(a). Suppose -3*s = -5*s + 10. Give u(s).
-3
Suppose 0 = 4*h + 8, 2*l + 2 = 6*l + h. Let a(j) = 8*j - l + 0 + 2 + 10*j. Calculate a(-1).
-17
Let x(y) = 4*y + 803 - 810 - 2*y - 3*y. What is x(-13)?
6
Let q(u) be the first derivative of -u**4/12 + u**3/2 + u**2/2 + 20*u + 19. Let m(d) be the first derivative of q(d). Let x = 11 + -8. What is m(x)?
1
Let i(l) = -5*l + 8. Let t(s) = -10*s + 15. Suppose k + 2 = 4*u, 5*k - 2*u + 7 = -21. Let q(o) = k*t(o) + 11*i(o). Determine q(3).
13
Let w(b) = -13*b**3 + 3*b**2 - 2*b - 19. Let o be 2/8 + 430/40. Let y(x) = 7*x**3 - 2*x**2 + x + 10. Let i(h) = o*y(h) + 6*w(h). Calculate i(-3).
-10
Let p(k) = k**3 + 6*k**2 - k - 7. Let i(l) = -l**3 + 7*l**2 + 9*l - 3. Let q be i(8). Suppose -75 + 33 = -7*b. Suppose -b*t = -q + 41. What is p(t)?
-1
Let x be 66/(-8) - 2/(-8). Let i(g) be the first derivative of g**3/3 + 3*g**2 - 9*g + 393. Calculate i(x).
7
Let u(z) be the second derivative of z**4/12 - 5*z**3/6 - 2*z**2 - z. Let t(j) = -2*j**2 - 2*j - 7. Let c be t(-3). Let p = c - -25. Calculate u(p).
2
Suppose -3*q = -2 - 16. Suppose 3*d = 12 + q. Let z(y) be the third derivative of -y**4/8 + 4*y**3/3 + 2*y**2. Calculate z(d).
-10
Let l be 1 + 3*(-2)/(-3). Let b(r) = -r**2 + l*r**2 - 5 - r - r**2. Let c be (0/1)/(15 + -17). What is b(c)?
-5
Let s = 45 + 18. Let y = -60 + s. Let t(k) be the first derivative of -k**4/4 + k**3 - k**2/2 + k + 1. Determine t(y).
-2
Let m(y) = -y + 1. Suppose -4*d - j = -241, -4*j - 317 = -2*d - 3*d. Let v = d + -64. Give m(v).
4
Let s(k) = -k + 1. Let g be (0 - -1)*3/(-3). Let r = g - 2. Calculate s(r).
4
Let s(q) = -q**3 - 8*q**2 + 3*q + 8. Suppose 4*r + 3*d = -38, 3*d = -r - 7 - 7. Calculate s(r).
-16
Let h = 69 - 64. Let w(x) = h*x + x + 2*x + x**2 + 8 - 4. Let a(y) = y**2 - 8*y + 5. Let g be a(6). What is w(g)?
-3
Suppose 0 = -5*n, -r + 4*n + 5 = 1. Suppose -15 = r*u + 13. Let o = u - -10. Let f(i) = i**3 - 4*i**2 + 2*i - 2. Give f(o).
-5
Let u(l) be the second derivative of l**5/20 + l**4/2 + l**3/6 + l**2/2 + 2*l. Suppose o + 2 = -i, -2*i + 5*i + 2*o = -10. Determine u(i).
-5
Let h(l) = -61*l + 115*l - 4*l**2 - 53*l + 57 + 3*l**2. Give h(-7).
1
Let o = 0 + 0. Suppose o = -0*p + 5*p - 15. Suppose 0 = 2*z + p - 5. Let u(d) = -2*d**2 - 2*d + 1. Determine u(z).
-3
Suppose 20 = 4*f - 0*f. Let v be ((-2)/f)/((-2)/10). Let r(p) = 0 - 1 + v*p - 10*p. Give r(1).
-9
Let k(g) = 7*g - 9*g + g + 92*g**3 - 103*g**3 - 1. Give k(-1).
11
Let c(b) = b**2 + 24*b + 6. Let w(a) = -34*a**2 + 15*a - 4. Let q be w(1). Determine c(q).
-17
Let r(k) be the first derivative of -1/3*k**3 - 2*k + 19 + 2*k**2. Determine r(4).
-2
Let p be (-8 + (-35)/(-4))*12. Let w(r) = -r + 2. Determine w(p).
-7
Let g = -77 + 71. Let d be 1/g - 602/(-84). Let y(a) = -a**2 